 Let y be 1 - (3 + -2 + -1). Calculate the remainder when g(y) is divided by w.
0
Let b = 578 - 358. Calculate the remainder when b is divided by 17.
16
Let o be ((-12)/18)/(2/(-24)). Calculate the remainder when 39 is divided by (48 - o)*1/2.
19
Calculate the remainder when 47 is divided by 40/6*2*(-60)/(-50).
15
Suppose q - a = 37, -52*q + 57*q + 2*a - 206 = 0. What is the remainder when 71 is divided by q?
31
Let w be ((-1)/(-3))/((-1)/(-3)). Suppose -5*r - w - 4 = 0. What is the remainder when (4 + r/3)*6 is divided by 12?
10
Suppose -25*a - 245 = -32*a. Calculate the remainder when 207 is divided by a.
32
Calculate the remainder when 278 is divided by -1 + -3 + 70 + 12/3.
68
Suppose -4*x - 314 = -0*a - a, -a + 306 = -2*x. What is the remainder when a is divided by 71?
14
Let y = -1257 - -1265. Let d = -8 + 15. Calculate the remainder when y is divided by d.
1
Let h = 53 - -11. Suppose h = 2*l - 4. What is the remainder when l is divided by 4?
2
Let r = 2898 + -320. What is the remainder when r is divided by 43?
41
Let m(q) = -q - 11*q**2 + 3*q + 2 + 10*q**2 + 0*q. Let b be m(-2). Calculate the remainder when 69 is divided by (b + -4)*(-12)/5.
21
Let b(m) = m**2 - 9*m + 5. What is the remainder when 28/(-12)*(-4 + -2) is divided by b(9)?
4
Suppose 0 = 17*l - 67*l + 2000. Suppose 0*w - 5*w = 5*g - 410, w + 2*g = 87. What is the remainder when w is divided by l?
37
Let j be ((-1 + 0)*0)/3. Suppose j = -4*h + 4 - 0. Suppose 3*o - 9 + 0 = 0. What is the remainder when o is divided by h?
0
Suppose -2*z + 9 = z. Suppose -z*u - 3*u + 30 = 0. Let y(w) = 3*w - 2. Calculate the remainder when u is divided by y(2).
1
Suppose 0 = 81*m - 78*m - 186. What is the remainder when m is divided by 13?
10
Suppose -24*q + 1326 = 27*q. Let m(x) = 18*x - 7. What is the remainder when m(6) is divided by q?
23
Let t(y) = -1 - 7*y + 6*y - 3*y - 1. What is the remainder when 43 is divided by t(-1)?
1
Let w = 3087 - 3070. What is the remainder when 2/(-3) + (-251)/(-3) is divided by w?
15
Let n = 13 + -5. Let j = 13 - n. Suppose p - 3*i - 16 = 0, 2*i = -p - p + 40. Calculate the remainder when p is divided by j.
4
Suppose -5*d = 3*v - 151, 2*v - d - 31 = 61. What is the remainder when 277 is divided by v?
42
Suppose -22*g + 5596 + 8044 = 0. What is the remainder when g is divided by 26?
22
Suppose 0 = 3*i - a + 5*a - 5, -a + 3 = i. Suppose -i + 1 = 3*s, -2*d + s = -34. What is the remainder when -1*3*186/(-18) is divided by d?
15
Suppose 20 - 62 = -3*r - 2*a, r - 4*a = 0. Suppose z - r = 73. Let k(g) = 8*g - 2. What is the remainder when z is divided by k(3)?
19
Suppose -74 = -k + 2*k + j, 0 = -5*k + 4*j - 388. Let u = 106 + k. Calculate the remainder when u is divided by 11.
8
Let a be 1/((-10)/4 + 3). Suppose a*j + 4*p - 28 = 4*j, -j - p = 17. Let b = j - -19. What is the remainder when 4 is divided by b?
1
Suppose -4*t + 5*n = -77, 33 - 35 = t + 3*n. What is the remainder when t is divided by 0/(-3) + 14/2?
6
Let p be 101/(-5 + (-36)/(-6)). Let z = p + -62. Calculate the remainder when z is divided by 7.
4
Suppose -b - 4*b = -90. Suppose 0*h - 4*h + 4*y + 24 = 0, 5*y = h - b. What is the remainder when 5 is divided by h?
2
Suppose 0 = p + m - 10, 3*m = -0*m. What is the remainder when 23 is divided by p?
3
Suppose 0*r + 2*q = -4*r + 10, -3*r = -3*q - 12. Suppose -4*f + 31 = r. What is the remainder when 33 is divided by f?
5
Let q = 1 + -61. Let c be 3/((q/272)/5). What is the remainder when (-4)/8*c - -3 is divided by 20?
17
Suppose -4*t + 0*t + 198 = 3*z, -3*z + 207 = t. Let x(k) = 6*k - 60. Calculate the remainder when z is divided by x(12).
10
Let g(a) = 11 + a**3 - 5*a + 2*a**3 - 4*a**3 - 5 + 7*a**2. Suppose -h = -3*h + 12. Calculate the remainder when 58 is divided by g(h).
10
Let p = -421 - -660. What is the remainder when p is divided by 12?
11
Let a(b) be the first derivative of b**4/4 - b**3/3 + 2*b + 1. Let j be a(0). Suppose 0 = -7*p + j*p + 165. Calculate the remainder when p is divided by 9.
6
Suppose -y + i = -11, -y = -6*y - 5*i + 25. Suppose -j - 3 = 0, 5*u + 2*j - 260 = 9. What is the remainder when u is divided by y?
7
Let f = -154 - -349. What is the remainder when f is divided by 33?
30
What is the remainder when (-4*(-33)/(-176))/(1/(-892)) is divided by 56?
53
Suppose -14 = -9*u + 8*u + z, 5*z = -5*u + 60. Calculate the remainder when 25 is divided by u.
12
Let y(w) = w + 2. Suppose 5*k + 2*l = -2*l + 14, -k = -2*l. Suppose k = -2*b + i + 5, 3*i + 9 = 0. What is the remainder when 4 is divided by y(b)?
0
Suppose 8*n - 13*n = -420. Calculate the remainder when n is divided by 15.
9
Calculate the remainder when (-1 + 2)/(77/22484) is divided by 42.
40
Let w = 147 + -138. What is the remainder when 29 is divided by w?
2
Suppose 57*d - 14980 = 29*d. Calculate the remainder when d is divided by 45.
40
Let x = -3 - -7. Let s be (44/(-12))/(1/(-18)). Suppose -s = -x*j - 14. Calculate the remainder when 24 is divided by j.
11
Let c(j) = -j**3 + 4*j**2 + 3*j - 4. Suppose -16 + 4 = -4*o. Suppose o*z = z + 110. Calculate the remainder when z is divided by c(3).
13
Let z(g) be the first derivative of -g**2 + 33*g + 2. What is the remainder when 98 is divided by z(0)?
32
Suppose 3*m - 179 = -4*n, -5*n - 234 + 16 = -4*m. Let g = -2 - 1. What is the remainder when 33 is divided by -2 + (-1)/(g/m)?
16
Let h(n) = 5*n**2 + 0 + 3*n + 1 - 4*n + 2. What is the remainder when h(4) is divided by 20?
19
Let k(z) = z + 40. What is the remainder when 82 is divided by k(-7)?
16
Let z(g) = 2*g + 4. Let f be 32/112 + 2/(-21)*3. Suppose f = -6*p - 92 + 356. Calculate the remainder when p is divided by z(4).
8
Let q = -965 - -1031. What is the remainder when q is divided by 13?
1
Let b(d) = 5*d**2 - 2*d - 1. Let j be b(-1). Let g(l) = l**3 - 3*l**2 - 15*l + 2. Let q be g(j). Let w = 1 + q. Calculate the remainder when 62 is divided by w.
20
Let s(n) = -26*n - 307. What is the remainder when s(-14) is divided by 23?
11
Let y(b) = 44*b - 69. Calculate the remainder when y(15) is divided by 54.
51
Calculate the remainder when 5/(-5)*(-855)/3 is divided by 12.
9
Suppose 13*h - 84 - 293 = 0. Let s(k) = k**2 - 9*k - 5. Calculate the remainder when s(-6) is divided by h.
27
Let g(c) = -c**2 + 19*c + 1. What is the remainder when g(8) is divided by 10?
9
Let h(q) = 2*q**2 - 6*q - 7. Let r(z) = -z**2 + 13*z. Let u be r(14). Let c = 2 - u. What is the remainder when h(6) is divided by c?
13
Suppose 9 + 96 = 5*m. Suppose -6*x + 111 = -m. Calculate the remainder when x is divided by 12.
10
Suppose 8*s - 54 - 2 = 0. Let p = s - -14. Calculate the remainder when p is divided by 5.
1
Let h = -6 + 34. Suppose 0*o + 5*o = 30. What is the remainder when h is divided by 3 + 20/(o + -2)?
4
Let f = 515 + -431. What is the remainder when f is divided by 50?
34
Let o = 24 - 19. Suppose -2*i + b = -0*b - 2, b = -o*i + 19. Suppose -2*j - 49 + 154 = -5*s, 0 = 5*j + i*s - 247. What is the remainder when j is divided by 13?
11
Let y be (4/1)/(-1) + 0/22. Let f(w) = w**3 + 7*w**2 + 8*w + 10. What is the remainder when 74 is divided by f(y)?
22
Let t(q) = 1 - 1 - 2*q - 11 - 3*q. What is the remainder when 52 is divided by t(-5)?
10
Suppose 3*w - 7*i = -2*i - 27, -3*w + 4*i = 24. Let f be ((-408)/(-60))/(w/(-10)). Suppose 50 = y + f. What is the remainder when y is divided by 17?
16
Let n be -3 + 0/(-1) + 31. Let u = n - 23. What is the remainder when 24 is divided by u?
4
Let x(p) be the third derivative of p**5/60 - p**4/2 + p**3 + 36*p**2. What is the remainder when 72 is divided by x(13)?
15
Suppose 2*r - 50 = 4*g, -128 = -3*r - r + g. Suppose 5*j - 3*u + 87 = 0, -2*j - 3*u - 6 = r. Let i = j + 41. Calculate the remainder when 67 is divided by i.
21
Suppose -17 = 11*n - 50. Suppose 3*o - o - 3*q = 70, 0 = -2*o - n*q + 70. Let x(r) = 3*r**2 - 2*r - 2. What is the remainder when o is divided by x(3)?
16
Let n(v) = 49*v - 211. What is the remainder when n(7) is divided by 46?
40
Calculate the remainder when (-1197)/(-19) - (5/(-1) + 2) is divided by 17.
15
Let d = -358 + 222. Let y = -62 - d. Calculate the remainder when y is divided by 11.
8
Suppose -m + 1 = 11. Let k = m - 38. Let r = -28 - k. What is the remainder when 58 is divided by r?
18
Let z(j) = -8*j - 119. What is the remainder when z(